{"id":911,"date":"2018-09-05T14:40:39","date_gmt":"2018-09-05T12:40:39","guid":{"rendered":"http:\/\/www.angelikakroyer.at\/?page_id=911"},"modified":"2019-07-11T20:39:41","modified_gmt":"2019-07-11T18:39:41","slug":"organisationsberatung","status":"publish","type":"page","link":"https:\/\/www.angelikakroyer.at\/?page_id=911","title":{"rendered":"Coaching &#038; Supervision"},"content":{"rendered":"<div class=\"wpb-content-wrapper\"><p>[vc_row gap=&#8220;25&#8243; bg_type=&#8220;image&#8220; parallax_style=&#8220;vcpb-vz-jquery&#8220; bg_image_new=&#8220;id^1064|url^http:\/\/www.angelikakroyer.at\/wp-content\/uploads\/2018\/09\/kreis_bg.png|caption^null|alt^null|title^kreis_bg|description^null&#8220; bg_image_repeat=&#8220;no-repeat&#8220; bg_image_size=&#8220;initial&#8220; bg_override=&#8220;ex-full&#8220; seperator_enable=&#8220;off&#8220; ult_hide_row=&#8220;off&#8220; type=&#8220;vc_default&#8220; anchor=&#8220;schedule&#8220; css=&#8220;.vc_custom_1536846524777{padding-top: 5% !important;padding-bottom: 100px !important;background-position: 0 0 !important;background-repeat: no-repeat !important;}&#8220; el_id=&#8220;schedule&#8220;][vc_column width=&#8220;1\/2&#8243; css=&#8220;.vc_custom_1536668408586{padding-bottom: 50px !important;background-position: center !important;background-repeat: no-repeat !important;background-size: cover !important;}&#8220;][vc_column_text css=&#8220;.vc_custom_1562868298566{padding-bottom: 40px !important;}&#8220;]<\/p>\r\n<h4>Was ist systemisches Coaching \u0399 Supervision?<\/h4>\r\n<p><span style=\"color: #c5356a;\">Systemisches Coaching<\/span> und <span style=\"color: #c5356a;\">Supervision<\/span> sind unterst\u00fctzende Beratungsmethoden im Kontext <span style=\"color: #c5356a;\">berufsbezogener Themen<\/span>. Sie erm\u00f6glichen die Reflexion des beruflichen Handelns und der eigenen Rolle, wobei auch das jeweilige Umfeld mit in den Blick genommen wird. Beide Beratungsmethoden k\u00f6nnen &#8211; <span style=\"color: #c5356a;\">unabh\u00e4nging von Position und Funktion<\/span> &#8211; sowohl f\u00fcr Einzelpersonen als auch f\u00fcr Teams, Gruppen und Organisationen angewandt werden.<\/p>\r\n<p>[\/vc_column_text][\/vc_column][vc_column width=&#8220;1\/2&#8243;][vc_accordion active_tab=&#8220;false&#8220; title_size=&#8220;h4&#8243; style=&#8220;3&#8243;][vc_accordion_tab title=&#8220;Wann ist Coaching sinnvoll?&#8220;][vc_column_text]<\/p>\r\n<p>Unerwartete Entwicklungen oder Ver\u00e4nderungsprozesse k\u00f6nnen bis an die Grenze pers\u00f6nlicher Belastbarkeit f\u00fchren. Coaching ist eine<span style=\"color: #c5356a;\"> tempor\u00e4re Beratung und Begleitung<\/span>, die beim <span style=\"color: #c5356a;\">Finden zielf\u00fchrender Strategien und L\u00f6sungsans\u00e4tzen<\/span> unterst\u00fctzt. M\u00f6gliche Themen sind zum Beispiel:<\/p>\r\n<ul>\r\n<li>Gestaltung der eigenen F\u00fchrungsrolle<\/li>\r\n<li>Balance zwischen Person I Funktion I Organisation<\/li>\r\n<li>Entdeckung I Nutzung eigener Ressourcen I Potentiale<\/li>\r\n<li>Karriereplanung<\/li>\r\n<li>Vorbereitung auf Gespr\u00e4che I Pr\u00e4sentationen<\/li>\r\n<li>Umgang mit Ver\u00e4nderungen I intern und extern<\/li>\r\n<li>Management von Krisensituationen<\/li>\r\n<li>Burnout-Prophylaxe<\/li>\r\n<\/ul>\r\n<h6>\u00a0<\/h6>\r\n<h6>Visionen entwickeln I Ideen verwirklichen I Ziele erreichen<\/h6>\r\n<p><span style=\"color: #c5356a;\">Sie sind Experte I Expertin f\u00fcr Ihr pers\u00f6nliches Anliegen<\/span> und erarbeiten f\u00fcr Sie passende, individuelle L\u00f6sungsans\u00e4tze, die Sie in Ihrem Arbeitsalltag umsetzen. Die Auswirkungen der Umsetzungen flie\u00dfen immer wieder neu in den Coaching-Prozess ein.<\/p>\r\n<p><span style=\"color: #c5356a;\">Ich bin Expertin f\u00fcr den Prozess<\/span> und unterst\u00fctze Sie darin, neue Handlungsm\u00f6glichkeiten zu entdecken. Dabei stelle ich unterschiedliche Sichtweisen bzw. Methoden zur Verf\u00fcgung und begleite Sie in Ihrem Prozess. Dieser orientiert sich am individuellen Bedarf und umfasst\u00a0 erfahrungsgem\u00e4\u00df f\u00fcnf bis zehn Einheiten.<\/p>\r\n<p>[\/vc_column_text][\/vc_accordion_tab][vc_accordion_tab title=&#8220;Wann ist Supervision hilfreich?&#8220;][vc_column_text]<\/p>\r\n<p>Als systemisch orientierte Supervisorin unterst\u00fctze ich Sie mit einer entsprechenden Distanz zu Ihrer Organisation und einem gesch\u00e4rften Blick bei Themen wie z.B:<\/p>\r\n<ul>\r\n<li>Reflexion Ihrer beruflichen Situation<\/li>\r\n<li>Rollendynamik im Team<\/li>\r\n<li>Beziehungsdynamik zwischen MitarbeiterIn und KundIn<\/li>\r\n<li>Bearbeitung von Fragestellungen<\/li>\r\n<li>Entlastung von \u00c4ngsten I Sorgen I Frust<\/li>\r\n<li>St\u00e4rkung eigener Ressourcen I Potentialen<\/li>\r\n<\/ul>\r\n<p>Bei den eingebrachten Themen achte ich auch auf folgende Aspekte:<\/p>\r\n<ul>\r\n<li>Ziel- und Aufgabenorientierung der Organisation<\/li>\r\n<li>strukturelle Bedingungen und jeweilige Funktionen<\/li>\r\n<li>Aufgabenbezug und Kompetenz der einzelnen Personen<\/li>\r\n<li>Umfeld-Faktoren der Organisation<\/li>\r\n<\/ul>\r\n<p>Je nach Anlass richten wir den Fokus auf\u00a0die Auseinandersetzung mit den jeweiligen Themen. Dem entsprechend werden die Dauer und Frequenz der Sitzungen anlassbezogen vereinbart.<\/p>\r\n<p><img loading=\"lazy\" decoding=\"async\" class=\"wp-image-1933\" src=\"https:\/\/www.angelikakroyer.at\/wp-content\/uploads\/2019\/05\/Impuls_pro-Supervision_RGB-002-820x1024.jpg\" alt=\"\" width=\"79\" height=\"99\" srcset=\"https:\/\/www.angelikakroyer.at\/wp-content\/uploads\/2019\/05\/Impuls_pro-Supervision_RGB-002-820x1024.jpg 820w, https:\/\/www.angelikakroyer.at\/wp-content\/uploads\/2019\/05\/Impuls_pro-Supervision_RGB-002-240x300.jpg 240w, https:\/\/www.angelikakroyer.at\/wp-content\/uploads\/2019\/05\/Impuls_pro-Supervision_RGB-002-768x959.jpg 768w, https:\/\/www.angelikakroyer.at\/wp-content\/uploads\/2019\/05\/Impuls_pro-Supervision_RGB-002.jpg 1181w\" sizes=\"auto, (max-width: 79px) 100vw, 79px\" \/><\/p>\r\n<p>[\/vc_column_text][\/vc_accordion_tab][vc_accordion_tab title=&#8220;M\u00f6gliche Settings&#8220;][vc_column_text]<\/p>\r\n<p><span style=\"color: #c5356a;\"><strong>Systemisches<\/strong> <strong>Coaching ist ein Beratungsprozess tendenziell im Einzelsetting<\/strong><\/span>, den ich an meinen Standorten anbiete. Bei Bedarf kann nach Absprache auch eine individuelle M\u00f6glichkeit gefunden werden. Die Dauer des Coachingprozesses richtet sich nach Ihrem Anliegen und ist somit unterschiedlich lang. Erfahrungsgem\u00e4\u00df umfasst ein Prozess zwischen 5 und 10 Einheiten \u00e1 50 Minuten.<\/p>\r\n<p><span style=\"color: #c5356a;\"><strong>Supervision findet je nach Anlass im Einzel-, Team oder Gruppensetting statt<\/strong>.<\/span> Es kann hilfreich sein, die Supervision au\u00dferhalb der eigenen Organisation zu machen, was in meiner Praxis in Eisenstadt bis zu einer Gruppen-Gr\u00f6\u00dfe von 14 Personen m\u00f6glich ist. Die Dauer und Frequenz der Sitzungen werden anlassbezogen vereinbart.<\/p>\r\n<p><img loading=\"lazy\" decoding=\"async\" class=\"wp-image-1933\" src=\"https:\/\/www.angelikakroyer.at\/wp-content\/uploads\/2019\/05\/Impuls_pro-Supervision_RGB-002-820x1024.jpg\" alt=\"\" width=\"79\" height=\"99\" srcset=\"https:\/\/www.angelikakroyer.at\/wp-content\/uploads\/2019\/05\/Impuls_pro-Supervision_RGB-002-820x1024.jpg 820w, https:\/\/www.angelikakroyer.at\/wp-content\/uploads\/2019\/05\/Impuls_pro-Supervision_RGB-002-240x300.jpg 240w, https:\/\/www.angelikakroyer.at\/wp-content\/uploads\/2019\/05\/Impuls_pro-Supervision_RGB-002-768x959.jpg 768w, https:\/\/www.angelikakroyer.at\/wp-content\/uploads\/2019\/05\/Impuls_pro-Supervision_RGB-002.jpg 1181w\" sizes=\"auto, (max-width: 79px) 100vw, 79px\" \/><\/p>\r\n<p>[\/vc_column_text][\/vc_accordion_tab][\/vc_accordion][\/vc_column][\/vc_row]<\/p><\/div>","protected":false},"excerpt":{"rendered":"<p>[vc_row gap=&#8220;25&#8243; bg_type=&#8220;image&#8220; parallax_style=&#8220;vcpb-vz-jquery&#8220; bg_image_new=&#8220;id^1064|url^http:\/\/www.angelikakroyer.at\/wp-content\/uploads\/2018\/09\/kreis_bg.png|caption^null|alt^null|title^kreis_bg|description^null&#8220; bg_image_repeat=&#8220;no-repeat&#8220; bg_image_size=&#8220;initial&#8220; bg_override=&#8220;ex-full&#8220; seperator_enable=&#8220;off&#8220; ult_hide_row=&#8220;off&#8220; type=&#8220;vc_default&#8220; anchor=&#8220;schedule&#8220; css=&#8220;.vc_custom_1536846524777{padding-top: 5% !important;padding-bottom: 100px !important;background-position: 0 0 !important;background-repeat: no-repeat !important;}&#8220; el_id=&#8220;schedule&#8220;][vc_column width=&#8220;1\/2&#8243; css=&#8220;.vc_custom_1536668408586{padding-bottom: 50px !important;background-position: center !important;background-repeat: no-repeat !important;background-size: cover !important;}&#8220;][vc_column_text css=&#8220;.vc_custom_1562868298566{padding-bottom: 40px !important;}&#8220;] Was ist systemisches Coaching \u0399 Supervision? Systemisches Coaching und Supervision sind unterst\u00fctzende Beratungsmethoden im Kontext berufsbezogener Themen. Sie erm\u00f6glichen&hellip;<\/p>\n","protected":false},"author":1,"featured_media":0,"parent":0,"menu_order":0,"comment_status":"closed","ping_status":"closed","template":"","meta":{"footnotes":""},"class_list":["post-911","page","type-page","status-publish","hentry","description-off"],"_links":{"self":[{"href":"https:\/\/www.angelikakroyer.at\/index.php?rest_route=\/wp\/v2\/pages\/911","targetHints":{"allow":["GET"]}}],"collection":[{"href":"https:\/\/www.angelikakroyer.at\/index.php?rest_route=\/wp\/v2\/pages"}],"about":[{"href":"https:\/\/www.angelikakroyer.at\/index.php?rest_route=\/wp\/v2\/types\/page"}],"author":[{"embeddable":true,"href":"https:\/\/www.angelikakroyer.at\/index.php?rest_route=\/wp\/v2\/users\/1"}],"replies":[{"embeddable":true,"href":"https:\/\/www.angelikakroyer.at\/index.php?rest_route=%2Fwp%2Fv2%2Fcomments&post=911"}],"version-history":[{"count":68,"href":"https:\/\/www.angelikakroyer.at\/index.php?rest_route=\/wp\/v2\/pages\/911\/revisions"}],"predecessor-version":[{"id":2003,"href":"https:\/\/www.angelikakroyer.at\/index.php?rest_route=\/wp\/v2\/pages\/911\/revisions\/2003"}],"wp:attachment":[{"href":"https:\/\/www.angelikakroyer.at\/index.php?rest_route=%2Fwp%2Fv2%2Fmedia&parent=911"}],"curies":[{"name":"wp","href":"https:\/\/api.w.org\/{rel}","templated":true}]}}