{"id":909,"date":"2018-09-05T14:40:21","date_gmt":"2018-09-05T12:40:21","guid":{"rendered":"http:\/\/www.angelikakroyer.at\/?page_id=909"},"modified":"2023-06-14T16:19:03","modified_gmt":"2023-06-14T14:19:03","slug":"psychologische-beratung","status":"publish","type":"page","link":"https:\/\/www.angelikakroyer.at\/?page_id=909","title":{"rendered":"Psychologische Beratung"},"content":{"rendered":"<div class=\"wpb-content-wrapper\"><p>[vc_row gap=&#8220;25&#8243; bg_type=&#8220;image&#8220; parallax_style=&#8220;vcpb-vz-jquery&#8220; bg_image_new=&#8220;id^1064|url^http:\/\/www.angelikakroyer.at\/wp-content\/uploads\/2018\/09\/kreis_bg.png|caption^null|alt^null|title^kreis_bg|description^null&#8220; bg_image_repeat=&#8220;no-repeat&#8220; bg_image_size=&#8220;initial&#8220; bg_override=&#8220;ex-full&#8220; seperator_enable=&#8220;off&#8220; ult_hide_row=&#8220;off&#8220; type=&#8220;vc_default&#8220; anchor=&#8220;schedule&#8220; css=&#8220;.vc_custom_1536846524777{padding-top: 5% !important;padding-bottom: 100px !important;background-position: 0 0 !important;background-repeat: no-repeat !important;}&#8220; el_id=&#8220;schedule&#8220;][vc_column width=&#8220;1\/2&#8243; css=&#8220;.vc_custom_1536668408586{padding-bottom: 50px !important;background-position: center !important;background-repeat: no-repeat !important;background-size: cover !important;}&#8220;][vc_column_text css=&#8220;.vc_custom_1604252268628{padding-bottom: 40px !important;}&#8220;]<\/p>\n<h4>Was ist psychologische Beratung?<\/h4>\n<p style=\"text-align: left;\">Psychologische Beratung ist eine <strong>professionelle Begleitung und Unterst\u00fctzung<\/strong> in den unterschiedlichsten Lebensbereichen. Sie bietet Hilfestellung, wenn eigene Versuche der Probleml\u00f6sung oder der Bew\u00e4ltigung einer Krise nicht gelingen. Damit leistet die psychologische Beratung einen wesentlichen Beitrag zur <strong>Erweiterung der eigenen sozialen Kompetenz<\/strong> und zur <strong>Steigerung des seelischen, k\u00f6rperlichen und sozialen Wohlbefindens<\/strong>. Sie ist neben Medizin und Therapie als eine der tragenden S\u00e4ulen in der \u00f6sterreichischen <strong>Gesundheitsf\u00f6rderung<\/strong> verankert.<\/p>\n<p>[\/vc_column_text][vc_column_text]<\/p>\n<h4>Was sind Beratungsfelder der psychologischen Beratung?<\/h4>\n<p>[\/vc_column_text]<div id=\"ultimate-range-slider65469fc5df7b908b\" class=\"ult-rs-wrapper\"><div id=\"ult-range-slider \"  style = &quot;padding:70px 85px 35px;&quot; class=\"ult-rslider-container ult-responsive \"  data-slider_steps = \"9\" data-slider_color = '#c5356a' data-arrow = &#039; border-width:9px; margin-left:-9px; border-top-color:#d3d3d3; &#039;data-title-background = #ffffff  data-title-box = custom  data-adaptive_height = on   data-ultimate-target='#ultimate-range-slider65469fc5df7b908b .ult-content'  data-responsive-json-new='{\"font-size\":\"desktop:15px;\",\"line-height\":\"\"}' ><div class = \"ult-tooltip ult-tooltip-border ult-arrow ult-title1\"  style = &#039;border-style:solid;border-width:2px;border-radius:0px;border-color:#d3d3d3;background:#ffffff;  0; width:150px; height:70px;font-weight:bold;color:#666666;&#039;><span class=\"ult-content  ult-tooltip-center\">Partnerschaft & Familie<\/span><\/div><div class = \"ult-tooltip ult-tooltip-border ult-arrow ult-title2\"  style = &#039;border-style:solid;border-width:2px;border-radius:0px;border-color:#d3d3d3;background:#ffffff;  0; width:150px; height:70px;font-weight:bold;color:#666666;&#039;><span class=\"ult-content  ult-tooltip-center\">Begleitung von Kindern<\/span><\/div><div class = \"ult-tooltip ult-tooltip-border ult-arrow ult-title3\"  style = &#039;border-style:solid;border-width:2px;border-radius:0px;border-color:#d3d3d3;background:#ffffff;  0; width:150px; height:70px;font-weight:bold;color:#666666;&#039;><span class=\"ult-content  ult-tooltip-center\">Trennung<\/span><\/div><div class = \"ult-tooltip ult-tooltip-border ult-arrow ult-title4\"  style = &#039;border-style:solid;border-width:2px;border-radius:0px;border-color:#d3d3d3;background:#ffffff;  0; width:150px; height:70px;font-weight:bold;color:#666666;&#039;><span class=\"ult-content  ult-tooltip-center\">Neuorganisation des Lebens<\/span><\/div><div class = \"ult-tooltip ult-tooltip-border ult-arrow ult-title5\"  style = &#039;border-style:solid;border-width:2px;border-radius:0px;border-color:#d3d3d3;background:#ffffff;  0; width:150px; height:70px;font-weight:bold;color:#666666;&#039;><span class=\"ult-content  ult-tooltip-center\">Krisenintervention<\/span><\/div><div class = \"ult-tooltip ult-tooltip-border ult-arrow ult-title6\"  style = &#039;border-style:solid;border-width:2px;border-radius:0px;border-color:#d3d3d3;background:#ffffff;  0; width:150px; height:70px;font-weight:bold;color:#666666;&#039;><span class=\"ult-content  ult-tooltip-center\">Identit\u00e4t<\/span><\/div><div class = \"ult-tooltip ult-tooltip-border ult-arrow ult-title7\"  style = &#039;border-style:solid;border-width:2px;border-radius:0px;border-color:#d3d3d3;background:#ffffff;  0; width:150px; height:70px;font-weight:bold;color:#666666;&#039;><span class=\"ult-content  ult-tooltip-center\">Gesundheit <\/span><\/div><div class = \"ult-tooltip ult-tooltip-border ult-arrow ult-title8\"  style = &#039;border-style:solid;border-width:2px;border-radius:0px;border-color:#d3d3d3;background:#ffffff;  0; width:150px; height:70px;font-weight:bold;color:#666666;&#039;><span class=\"ult-content  ult-tooltip-center\">Stress & Burnout<\/span><\/div><div class = \"ult-tooltip ult-tooltip-border ult-arrow ult-title9\"  style = &#039;border-style:solid;border-width:2px;border-radius:0px;border-color:#d3d3d3;background:#ffffff;  0; width:150px; height:70px;font-weight:bold;color:#666666;&#039;><span class=\"ult-content  ult-tooltip-center\">Mobbing<\/span><\/div><div class = \"ult-rslider\" style = \"width:\" ><\/div><\/div><div class=\"ult-desc-wrap ult-responsive \" data-ultimate-target='#ultimate-range-slider65469fc5df7b908b .ult-description'  data-responsive-json-new='{\"font-size\":\"desktop:15px;\",\"line-height\":\"\"}' ><div class = \"ult-description ult-desc1\" style = 'color:#666666; padding-top:10px;; margin:0px;;' >Paarberatung unterst\u00fctzt dabei, festgefahrenen Situationen und Kommunikationsmuster wieder in Bewegung zu bringen. Dazu geh\u00f6rt ein konstruktiver Umgang mit Konflikten. Gemeinsam mit dem Paar werden die jeweiligen Problembereiche erarbeitet und m\u00f6gliche Ziele formuliert. Kinder sind Teil des Familiensystems und weisen manchmal durch irritierendes Verhalten oder durch k\u00f6rperliche Symptome auf eventuelle St\u00f6rungen im System hin. Psychologische Beratung unterst\u00fctzt dabei, Zusammenh\u00e4nge zu erkennen, hilfreiche Ma\u00dfnahmen zu definieren und bei der Umsetzung zu begleiten.<\/div><div class = \"ult-description ult-desc2\" style = 'color:#666666; padding-top:10px;; margin:0px;;' >Psychologische Beratung hilft Eltern und Alleinerziehenden bei Problemen mit ihren Kindern. Manchmal weisen Kinder - gleichsam als Symptomtr\u00e4ger - durch irritierendes Verhalten oder auch k\u00f6rperliche Symptome auf eventuelle St\u00f6rungen im System hin. Das geschieht auf unbewusster Ebene und kann sehr belastend sein, sowohl f\u00fcr die Kinder als auch das Umfeld. Psychologische Beratung unterst\u00fctzt dabei, das jeweilige Verhalten (Familie, Freundeskreis, Schule,...) zu reflektieren, m\u00f6gliche Zusammenh\u00e4nge zu erkennen, um dementsprechend hilfreiche Schritte zu planen und umzusetzen.\n\n<\/div><div class = \"ult-description ult-desc3\" style = 'color:#666666; padding-top:10px;; margin:0px;;' >Gehen wollen...Trennung... verlassen...verlassen werden... All das kann die unterschiedlichsten Ursachen haben und die Betroffenen in schwere Krisen st\u00fcrzen, die sie nicht immer alleine bew\u00e4ltigen k\u00f6nnen. Psychologische Beratung unterst\u00fctzt sowohl in aktuen Situationen durch professionelle Krisenintervention als auch bei der Bew\u00e4ltigung der Trennung, bei Trauer, Schuldgef\u00fchlen und bei der Neustrukturierung des Lebens.\n\nVerpflichtende Elternberatung vor einvernehmlicher Scheidung 95 Abs. 1a Au\u00dferstreitgesetz\nM\u00f6chten sich Eltern minderj\u00e4hriger Kinder einvernehmlich scheiden lassen, so sind sie verpflichtet, eine Beratung in Anspruch zu nehmen. Inhaltlich stehen die Bed\u00fcrfnisse der Kinder in der Scheidungssituation im Mittelpunkt\nEine Elternberatung ist dem Gericht durch Vorlage einer Best\u00e4tigung, glaubhaft zu machen und soll allen Beteiligten helfen mit der neuen Situation umgehen zu k\u00f6nnen.\n<\/div><div class = \"ult-description ult-desc4\" style = 'color:#666666; padding-top:10px;; margin:0px;;' >Eine Neuorganisation des Lebens wird n\u00f6tig, wenn au\u00dfergew\u00f6hnliche Situationen eintreten, wie z.B. ein Berufswechsel, eine Trennung, Verlust eines Menschen, Betreuungsbedarf einer pflegebed\u00fcrftigen Person zu Hause, ein Umzug in eine neue Umgebung, uvm.\nBedingt durch diese Ver\u00e4nderungen k\u00f6nnen Belastungen entstehen, die machmal ein ertr\u00e4gliches Ma\u00df \u00fcbersteigen. \nIn solchen Phasen ist es hilfreich, sich begleiten und beraten zu lassen.\n<\/div><div class = \"ult-description ult-desc5\" style = 'color:#666666; padding-top:10px;; margin:0px;;' >Pl\u00f6tzliche massive Ver\u00e4nderungen der Lebensbedingungen, die z.B. durch einen Unfall, eine schwere Erkrankung, den Tod eines nahen Angeh\u00f6rigen, durch Gewalterfahrung oder durch ein Naturereignis ausgel\u00f6st werden, k\u00f6nnen zu akuter psychischer Gef\u00e4hrdung f\u00fchren.\nKrisenintervention ist eine kurzfristige Einflussnahme von au\u00dfen mit dem Ziel, eine kritische Entwicklung mit m\u00f6glichem folgenschweren Verlauf aufzuhalten. Durch professionelle Hilfe werden die Betroffenen dazu bef\u00e4higt, die Lebenskrise zu bew\u00e4ltigen. <\/div><div class = \"ult-description ult-desc6\" style = 'color:#666666; padding-top:10px;; margin:0px;;' >Wer bin ich?  Wer will ich sein? Bin ich so, wie die anderen mich sehen? sind Fragen nach der Identit\u00e4t, die sich viele Menschen stellen. Manchmal offen, manchmal in einer Krise versteckt, in verschiedenen Lebensphasen und -situationen, je nach sozialem Umfeld und pers\u00f6nlichem Erleben. \u2028Von Identit\u00e4tsproblemen Betroffenen f\u00e4llt es meist schwer, sich selbst anzunehmen oder sich in ihrer Umwelt zu behaupten. Die Erscheinungsformen von Identit\u00e4tsproblemen sind vielf\u00e4ltig. Psychologische Beratung unterst\u00fctzt dabei, mit klaren Schritten das Selbstbild im positiven Bereich zu stabilisieren.\n<\/div><div class = \"ult-description ult-desc7\" style = 'color:#666666; padding-top:10px;; margin:0px;;' >Lang anhaltende psychische Probleme, wie \u00c4ngste, Konflikte oder Niedergeschlagenheit k\u00f6nnen zu psychischen Erkrankungen f\u00fchren und auch k\u00f6rperliche Symptome verursachen. MIttels gezielter Gespr\u00e4chsf\u00fchrung und kurzzeittherapeutischer Methoden wird das geistige, seelische, k\u00f6rperliche und soziale Wohlbefinden der KlientInnen gef\u00f6rdert. Psychologische Beratung tr\u00e4gt entscheidend zur Genesung und Aufrechterhaltung der Gesundheit bei. <\/div><div class = \"ult-description ult-desc8\" style = 'color:#666666; padding-top:10px;; margin:0px;;' >Vor\u00fcbergehende Stress-Situationen k\u00f6nnen gut von Menschen bew\u00e4ltig werden. H\u00e4lt jedoch die Belastung \u00fcber lange Zeit an, sind nachhaltige Konsequenzen f\u00fcr den Organismus vorprogrammiert. Eine Definition des Burnout-Syndroms ist ein Zustand ersch\u00f6pfter physischer und mentaler Ressourcen. Grunds\u00e4tzlich kann jeder Mensch ein Burnout-Syndrom entwickeln, wobei die Erkrankung tendenziell auch schon bei Sch\u00fclern auftritt. Es ist besonders wichtig, bereits fr\u00fch mit der Therapie zu beginnen und ein ausgewogenes Verh\u00e4ltnis zwischen Belastung und Entspannung zu finden. Psychologische Beratung ist dabei eine hilfreiche Unterst\u00fctzung.\n<\/div><div class = \"ult-description ult-desc9\" style = 'color:#666666; padding-top:10px;; margin:0px;;' >Mobbing steht f\u00fcr gezielten Psychoterror, mit dem die Betroffenen am Arbeitsplatz, in der Schule, zu Hause oder im Internet schikaniert und blo\u00dfgestellt werden. Neben dem uns\u00e4glichen menschlichen Leid verursacht Mobbing durch Arbeitsausfall und Fr\u00fchpensionierung auch hohe volkswirtschaftliche Sch\u00e4den. Psychologische Beratung kann sowohl Mobbingopfer in ihrer pers\u00f6nlichen Situation unterst\u00fctzen als auch in Team- und Gruppenberatung an den bestehende Mobbingsituationen arbeiten, um ein neues, mobbingfreies Klima zu entwickeln.<\/div><\/div><\/div>[\/vc_column][vc_column width=&#8220;1\/2&#8243;][vc_accordion active_tab=&#8220;false&#8220; title_size=&#8220;h4&#8243; style=&#8220;3&#8243;][vc_accordion_tab title=&#8220;Schwerpunkt Kinderwunsch&#8220;][vc_column_text]<span style=\"color: #c5356a;\">Sich ein Kind zu w\u00fcnschen ist die nat\u00fcrlichste Sache der Welt&#8230;.<\/span><\/p>\n<p>&#8230;und ein zentraler Wunsch vieler Menschen. Dieser tiefe und urspr\u00fcngliche Instinkt entspricht dem biologische Sinn unseres Daseins. Wir leben in einer Zeit, in der wir das Gef\u00fchl haben, alles planen zu k\u00f6nnen &#8211; und dennoch hat ca.<span style=\"color: #c53f60;\"> jedes 6. Paar in \u00d6sterreich<\/span> einen unerf\u00fcllten Kinderwunsch.<\/p>\n<p>Dieses Thema ist auch <span style=\"color: #c53f60;\">Teil meiner Biografie<\/span> und ich kenne alle Phasen des Prozesses aus eigener Erfahrung.\u00a0 Ein Kinderwunsch muss nicht unerf\u00fcllt bleiben. Es ist mir ein Herzensanliegen, Sie als psychologische Beraterin in Ihrem individuellen Prozess zu begleiten. Je nach Ihrem Bed\u00fcrfnis besprechen wir gemeinsam, was hilfreich und unterst\u00fctzend f\u00fcr Sie sein kann. Erfahrungsgem\u00e4\u00df ist dabei zu Beginn eine intensive Reflexion hilfreich, da sie Basis f\u00fcr weitere Schritte ist. Themen k\u00f6nnen z.B. sein:<\/p>\n<ul>\n<li>Welche <span style=\"color: #c53560;\">Motivation<\/span> haben Sie f\u00fcr den Kinderwunsch?<\/li>\n<li>Welche Wege sind Sie <span style=\"color: #c53560;\">bereits gegangen<\/span> und wozu sind Sie <span style=\"color: #c53560;\">noch bereit<\/span>?<\/li>\n<li>Wie wirkt sich das auf die <span style=\"color: #c53560;\">Paarbeziehung<\/span> aus?<\/li>\n<li>Was sind m\u00f6gliche<span style=\"color: #c53560;\"> Blockaden<\/span>?<\/li>\n<li>Welche <span style=\"color: #c53560;\">Ressourcen<\/span> gibt es, die Sie vielleicht noch nicht nutzen?<\/li>\n<li>Welche <span style=\"color: #c53560;\">alternativen M\u00f6glichkeiten<\/span> sind f\u00fcr Sie denkbar?<\/li>\n<\/ul>\n<p>Manchmal k\u00f6nnen keine organischen Ursachen gefunden werden. Das sind jene Paare, deren Chancen auch bei medizinisch unterst\u00fctzenden Ma\u00dfnahmen statistisch gesehen leider gering sind. Hier empfiehlt es sich, zus\u00e4tzliche alternative M\u00f6glichkeiten zu erw\u00e4gen. Mein Anliegen ist es, Sie meinem <span style=\"color: #c53560;\">ganzheitlichen Ansatz<\/span> entsprechend im Sinn einer komplement\u00e4ren und <span style=\"color: #c53560;\">integrativen Kinderwunschbehandlung<\/span> zu begleiten und zu unterst\u00fctzen. Dabei hat sich die Zusammenarbeit mit folgenden Disziplinen als hilfreich erwiesen:<\/p>\n<ul>\n<li>TCM I TEM<\/li>\n<li>Hom\u00f6opathie<\/li>\n<li>Formen der K\u00f6rperbehandlung<\/li>\n<li>Systemische Aufstellungsarbeit<\/li>\n<\/ul>\n<p>Der Kinderwunsch ist verst\u00e4ndlicherweise ein zentrales Thema im Leben von Paaren. Dennoch sollte er nicht zum einzigen Thema werden. Manchmal kommt es vor, dass keine der Ma\u00dfnahmen greift und Sie kein leibliches Kind haben k\u00f6nnen. Dann gibt es <span style=\"color: #c5356a;\">andere M\u00f6glichkeiten zur Verwirklichung des Familiengl\u00fccks<\/span>, wie zum Beispiel eine Adoption oder die Aufnahme eines Pflegekindes. Das war der Weg, den ich gew\u00e4hlt habe und der f\u00fcr mich eine der wundervollsten Entscheidungen meines Lebens war. Sehr gerne stelle ich\u00a0 meine Erfahrungen als Pflege-\u00a0 und Adoptivmutter zur Verf\u00fcgung und begleite Sie, wenn das auch f\u00fcr Sie ein Weg sein kann. &#8230;.manchmal muss man sich vom Kinderwunsch verabschieden. Dann unterst\u00fctze ich sie dabei, neue Lebensziele f\u00fcr sich zu finden und umzusetzen<\/p>\n<p>Da das Kinderwunschthema das Paar betrifft, ist es empfehlenswert, die Beratung als Paar in Anspruch zu nehmen. Gerne kann auf Wunsch auch eine Einzelberatung erfolgen.[\/vc_column_text][\/vc_accordion_tab][vc_accordion_tab title=&#8220;Schwerpunkt Beziehungsthemen&#8220;][vc_column_text]Wir <span style=\"color: #c5356a;\">Menschen sind Beziehungswesen<\/span> und in allen Lebensphasen Teil unterschiedlicher Beziehungs-Systeme. Daher bestimmen Beziehungen auch unser Leben: Sie k\u00f6nnen k\u00f6nnen n\u00fctzlich sein &#8211; sie k\u00f6nnen zur Belastung werden &#8211; sie k\u00f6nnen fehlen &#8211; und sie finden in unterschiedlichen Lebensbereichen statt, wie z.B zwischen.:<\/p>\n<ul>\n<li>Mann &#8211; Frau<\/li>\n<li>Eltern &#8211; Kind<\/li>\n<li>Familienmitgliedern<\/li>\n<li>FreundInnen<\/li>\n<li>KollegInnen<\/li>\n<li>Vorgesetzten<\/li>\n<\/ul>\n<p>Als systemische Beraterin nehme ich bei der Bearbeitung von Themen auch das\u00a0 jeweilige System mit in den Blick. Neben unterschiedlichen l\u00f6sungsfokussierten Methoden setze ich daf\u00fcr auch die Aufstellungsarbeit ein. Das ist eine bew\u00e4hrte M\u00f6glichkeit, Beziehungsdynamiken abzubilden, Zusammenh\u00e4nge zu erkennen, neue Perspektiven zu erhalten und so neue L\u00f6sungsans\u00e4tze zu entwickeln. Neben dem Einzelsetting gibt es auch die M\u00f6glichkeit, Themen in einem gesch\u00fctzen Gruppensetting zu bearbeiten. Sie sind herzlich eingeladen, bei einem der Aufstellungsabende unverbindlich teilzunehmen und so die Methode und meine Arbeitsweise kennenzulernen. Die Termine finden Sie unter &#8222;Gut zu wissen&#8220; &#8211; aktuelle Termine.<\/p>\n<div id=\"Elternberatung\" class=\"vc_tta-panel vc_active\" data-vc-content=\".vc_tta-panel-body\">\n<div class=\"vc_tta-panel-body\">\n<div class=\"wpb_text_column wpb_content_element \">\n<div class=\"wpb_wrapper\">\n<h5>Verpflichtende Elternberatung vor einvernehmlicher Scheidung 95 Abs. 1a Au\u00dferstreitgesetz<\/h5>\n<\/div>\n<\/div>\n<div class=\"wpb_text_column wpb_content_element \">\n<div class=\"wpb_wrapper\">\n<p>M\u00f6chten sich Eltern minderj\u00e4hriger Kinder einvernehmlich scheiden lassen, so sind sie verpflichtet, eine Beratung in Anspruch zu nehmen. Inhaltlich stehen die Bed\u00fcrfnisse der Kinder in der Scheidungssituation im Mittelpunkt<\/p>\n<\/div>\n<\/div>\n<div class=\"wpb_text_column wpb_content_element \">\n<div class=\"wpb_wrapper\">\n<ul>\n<li>Wie erleben Kinder I Jugendliche die Trennung der Eltern?<\/li>\n<li>Welche Bed\u00fcrfnisse, W\u00fcnsche und \u00c4ngste haben sie?<\/li>\n<li>Welche Reaktionen zeigen sie?<\/li>\n<li>Was brauchen Kinder um die Trennungssituation gut bew\u00e4ltigen zu k\u00f6nnen?<\/li>\n<li>Wie k\u00f6nnen sie dabei unterst\u00fctzt werden?<\/li>\n<li>Wie kann die Neugestaltung des Alltags nach der Trennung gelingen?<\/li>\n<li>Welche Rechte haben Kinder auf F\u00fcrsorge, Geborgenheit, Schutz, sowie auf verl\u00e4ssliche Kontakte zu beiden Elternteilen?<\/li>\n<\/ul>\n<\/div>\n<\/div>\n<div class=\"wpb_text_column wpb_content_element \">\n<div class=\"wpb_wrapper\">\n<p>Eine Elternberatung ist dem Gericht durch Vorlage einer Best\u00e4tigung glaubhaft zu machen und soll allen Beteiligten helfen mit der neuen Situation umgehen zu k\u00f6nnen. Als eingetragene Beraterin unterst\u00fctze ich Sie gerne bei Ihrem individuellen Prozess.<\/p>\n<\/div>\n<\/div>\n<\/div>\n<\/div>\n<p>[\/vc_column_text][\/vc_accordion_tab][vc_accordion_tab title=&#8220;Wann ist psychologische Beratung sinnvoll?&#8220;][vc_column_text]<strong>Wenn<\/strong> Sie merken, dass <strong>Themen ihr<\/strong> privates, soziales oder berufliches <strong>Leben beeintr\u00e4chtigen<\/strong> und dadurch <strong>Ihre Lebensqualit\u00e4t sinkt<\/strong>. Sie k\u00f6nnen es erkennen, wenn Sie zum Beispiel:<\/p>\n<ul>\n<li>st\u00e4ndig am Gr\u00fcbeln sind und keine L\u00f6sungen f\u00fcr Ihre Probleme finden<\/li>\n<li>andauernd mit negativen Gedanken und Zwangshandlungen besch\u00e4ftigt sind<\/li>\n<li>aus bekannten, belastenden Verhaltensmustern nicht auszusteigen k\u00f6nnen<\/li>\n<li>immer wieder negative Gedanken oder Bilder von fr\u00fcheren Erlebnissen haben<\/li>\n<li>sich \u00fcber einen l\u00e4ngeren Zeitraum gereizt, verstimmt oder depressiv f\u00fchlen<\/li>\n<li>Beeintr\u00e4chtigungen Ihrer Schlaf- oder Entspannungsf\u00e4higkeit wahrnehmen<\/li>\n<li>eine l\u00e4ngerdauernde Ver\u00e4nderungen ihres Alkoholkonsums, Essverhaltens oder Medikamenteneinnahme feststellen<\/li>\n<\/ul>\n<p>[\/vc_column_text][\/vc_accordion_tab][vc_accordion_tab title=&#8220;Was gewinnen Sie dadurch?&#8220;][vc_column_text]<\/p>\n<ul>\n<li>Sie <span style=\"color: #c5356a;\"><strong>gewinnen Klarheit<\/strong><\/span> \u00fcber Ihre belastende Situation.<\/li>\n<li>Dadurch werden <strong><span style=\"color: #c5356a;\">neue Sichtweisen<\/span><\/strong> und<span style=\"color: #c5356a;\"><strong> L\u00f6sungsperspektiven<\/strong><\/span> m\u00f6glich.<\/li>\n<li>Gemeinsam finden wir <span style=\"color: #c5356a;\"><strong>Ressourcen und Potentiale<\/strong><\/span>, die Sie unterst\u00fctzen.<\/li>\n<li>Dadurch gewinnen Sie an <span style=\"color: #c5356a;\"><strong>Selbstvertrauen und Selbstsicherheit<\/strong>.<\/span><\/li>\n<li>Gemeinsam erarbeiten und planen wir f\u00fcr Sie <span style=\"color: #c5356a;\"><strong>n\u00e4chste hilfreiche Schritte.<\/strong><\/span><\/li>\n<li>Sie entdecken wieder <span style=\"color: #c5356a;\"><strong>Sinn<\/strong> <\/span>in Ihrem <strong><span style=\"color: #c5356a;\">Leben<\/span><\/strong> und in Ihrem <strong><span style=\"color: #c5356a;\">Tun<\/span><\/strong>.<\/li>\n<\/ul>\n<p>[\/vc_column_text][\/vc_accordion_tab][vc_accordion_tab title=&#8220;Wie sehe ich meine Aufgabe als Beraterin?&#8220;][vc_column_text]Auch wenn in der Bezeichnung Beraterin das Wort Rat steckt, geht es mir nicht darum, Ihnen Ratschl\u00e4ge zu geben. Diese w\u00fcrden immer meiner Sichtweise und meiner Wirklichkeit entspringen.<br \/>\nMir geht es vielmehr darum, <span style=\"color: #c5356a;\">Sie zu verstehen<\/span> und gemeinsam mit Ihnen f\u00fcr Ihre individuelle Wirklichkeit <span style=\"color: #c5356a;\">passende L\u00f6sungen zu entwickeln und umzusetzen<\/span>.<br \/>\nMeine Aufgabe dabei ist es, Sie bei diesem Prozess zu <span style=\"color: #c5356a;\">unterst\u00fctzen<\/span> und zu <span style=\"color: #c5356a;\">begleiten.<\/span>[\/vc_column_text][\/vc_accordion_tab][vc_accordion_tab title=&#8220;Voraussetzungen f\u00fcr eine gelungene Beratung?&#8220;][vc_column_text]<\/p>\n<ul>\n<li><strong>Vertrauen<\/strong> als Basis f\u00fcr einen gemeinsamen Beratungsprozess<\/li>\n<li><strong>Freiwilligkeit<\/strong> und die Bereitschaft f\u00fcr Ver\u00e4nderung<\/li>\n<li><strong>Offenheit,<\/strong> die relevanten Themen anzusprechen<\/li>\n<li><strong>Bereitschaft<\/strong>, Unterst\u00fctzung anzunehmen<\/li>\n<li><strong>meine<\/strong> <strong>Kompetenz<\/strong> und <strong>Erfahrung<\/strong> als systemische Beraterin<\/li>\n<\/ul>\n<p>[\/vc_column_text][\/vc_accordion_tab][vc_accordion_tab title=&#8220;Rechtliches&#8220;][vc_column_text]Krankheiten erfordern Therapien, wof\u00fcr \u00c4rztInnen, PsychologInnen und PsychotherapeutInnen zust\u00e4ndig sind. Um m\u00f6glichen Krankheiten vorzubeugen ist es wichtig, proaktiv zu handeln. Die\u00a0 <span style=\"color: #c5356a;\">Psychosoziale Beratung<\/span> bildet neben Medizin, Psychologie und Psychotherapie die<span style=\"color: #c5356a;\"> vierte S\u00e4ule im \u00f6sterreichischen Gesundheitssystem. <\/span>Bei diesem reglementierten Gewerbe sind sowohl Ausbildung als Aus\u00fcbung des Berufes gesetzlich geregelt.<\/p>\n<ul>\n<li><span style=\"color: #c5356a;\">Gelistete Beraterin f\u00fcr verpflichtenden Elternberatung<\/span> vor einvernehmlicher Scheidung \u00a795 Abs. 1a Au\u00dferstreitgesetz.<\/li>\n<li>Als Psychologische Beraterin unterliege ich der <span style=\"color: #c5356a;\">gesetzlichen Verschwiegenheitspflicht<\/span> nach <a href=\"https:\/\/www.jusline.at\/gesetz\/gewo\/paragraf\/119\" target=\"_blank\" rel=\"noopener noreferrer\"><strong>\u00a7119 GO<\/strong><\/a><\/li>\n<\/ul>\n<p>[\/vc_column_text][\/vc_accordion_tab][\/vc_accordion][\/vc_column][\/vc_row]<\/p>\n<\/div>","protected":false},"excerpt":{"rendered":"<p>[vc_row gap=&#8220;25&#8243; bg_type=&#8220;image&#8220; parallax_style=&#8220;vcpb-vz-jquery&#8220; bg_image_new=&#8220;id^1064|url^http:\/\/www.angelikakroyer.at\/wp-content\/uploads\/2018\/09\/kreis_bg.png|caption^null|alt^null|title^kreis_bg|description^null&#8220; bg_image_repeat=&#8220;no-repeat&#8220; bg_image_size=&#8220;initial&#8220; bg_override=&#8220;ex-full&#8220; seperator_enable=&#8220;off&#8220; ult_hide_row=&#8220;off&#8220; type=&#8220;vc_default&#8220; anchor=&#8220;schedule&#8220; css=&#8220;.vc_custom_1536846524777{padding-top: 5% !important;padding-bottom: 100px !important;background-position: 0 0 !important;background-repeat: no-repeat !important;}&#8220; el_id=&#8220;schedule&#8220;][vc_column width=&#8220;1\/2&#8243; css=&#8220;.vc_custom_1536668408586{padding-bottom: 50px !important;background-position: center !important;background-repeat: no-repeat !important;background-size: cover !important;}&#8220;][vc_column_text css=&#8220;.vc_custom_1604252268628{padding-bottom: 40px !important;}&#8220;] Was ist psychologische Beratung? Psychologische Beratung ist eine professionelle Begleitung und Unterst\u00fctzung in den unterschiedlichsten Lebensbereichen. Sie bietet Hilfestellung,&hellip;<\/p>\n","protected":false},"author":1,"featured_media":0,"parent":0,"menu_order":0,"comment_status":"closed","ping_status":"closed","template":"","meta":{"footnotes":""},"class_list":["post-909","page","type-page","status-publish","hentry","description-off"],"_links":{"self":[{"href":"https:\/\/www.angelikakroyer.at\/index.php?rest_route=\/wp\/v2\/pages\/909","targetHints":{"allow":["GET"]}}],"collection":[{"href":"https:\/\/www.angelikakroyer.at\/index.php?rest_route=\/wp\/v2\/pages"}],"about":[{"href":"https:\/\/www.angelikakroyer.at\/index.php?rest_route=\/wp\/v2\/types\/page"}],"author":[{"embeddable":true,"href":"https:\/\/www.angelikakroyer.at\/index.php?rest_route=\/wp\/v2\/users\/1"}],"replies":[{"embeddable":true,"href":"https:\/\/www.angelikakroyer.at\/index.php?rest_route=%2Fwp%2Fv2%2Fcomments&post=909"}],"version-history":[{"count":178,"href":"https:\/\/www.angelikakroyer.at\/index.php?rest_route=\/wp\/v2\/pages\/909\/revisions"}],"predecessor-version":[{"id":2886,"href":"https:\/\/www.angelikakroyer.at\/index.php?rest_route=\/wp\/v2\/pages\/909\/revisions\/2886"}],"wp:attachment":[{"href":"https:\/\/www.angelikakroyer.at\/index.php?rest_route=%2Fwp%2Fv2%2Fmedia&parent=909"}],"curies":[{"name":"wp","href":"https:\/\/api.w.org\/{rel}","templated":true}]}}